 a prime number?
True
Let d(v) = 4508*v**3 + v**2 + 26*v - 82. Is d(3) a composite number?
False
Suppose -8*q - 5857 + 34146 = x, 0 = -3*x + 2*q + 84971. Is x composite?
True
Suppose 228127 = -26*s - 90867. Let q = s - -27292. Is q a prime number?
False
Suppose 1976364 + 696614 + 722290 = 36*v. Is v composite?
True
Is (2282466/(-33))/(-2) + (-10)/(-55) a composite number?
False
Suppose -117*x + 112*x - 2*a + 40523 = 0, 2*x - a = 16211. Is x a composite number?
True
Is 1 + 32247 + 1 - 312/(-156) a prime number?
True
Let i(r) = 2*r**2 - 20*r - 7. Let h be i(11). Let m be 1*-4*h/(-12). Suppose -m*t = -3796 - 1249. Is t a composite number?
False
Let l(k) be the second derivative of k**4/3 + 2*k**3 + k**2/2 + 205*k. Is l(-29) prime?
False
Suppose 297614 = 9*u - 2188321. Is u composite?
True
Suppose -72*b + 83*b - 22 = 0. Suppose -67521 = -4*s + 8*q - 3*q, b*s + q - 33757 = 0. Is s a composite number?
False
Let g = -94 + 83. Let r be 122/18 + g/((-99)/2). Suppose 190 + 433 = r*a. Is a a composite number?
False
Suppose -1 = 4*k + 3*i, -1 + 0 = 5*k + 4*i. Is (k + (-13420)/33)/((-2)/30) composite?
True
Suppose 487645 = 43*b - 2495308. Is b prime?
True
Let o(v) = 196*v + 34 - 24 - 14 - 6. Is o(9) prime?
False
Let p = 12124 + 66289. Is p a composite number?
True
Suppose 2*m + 3*w - 1342 = 0, m + 2*m + 3*w - 2013 = 0. Suppose -x + 2*a = -m, -x + 672 = -0*x - 3*a. Is x composite?
True
Let c be 1/(-5) - (-16181)/55. Suppose 3*u - u - 1182 = -4*g, u + c = g. Is g prime?
False
Let z(f) be the first derivative of 352*f**2 - 54*f + 33. Is z(2) a prime number?
False
Suppose -8 = -2*a + 3*g, -2*g = -4*a + 13 + 19. Suppose -4*x - 5934 = -a*x. Is x composite?
True
Let y(l) = 157*l + 65. Let j be y(-7). Let c = -552 - j. Is c a prime number?
False
Let s(u) = 152*u - 7. Let p(h) = h**2 + 10*h + 12. Let z be p(-9). Let k be z - 0 - (3 - 9). Is s(k) a prime number?
True
Let v be 96/36*21/(-14)*5. Let q(r) = -r**2 - 4*r. Let a be q(-6). Is (-24339)/a - v/(-16) prime?
True
Let x be (20*(-627)/(-88))/((-2)/(-508)). Suppose 3487 = 2*p - x. Is p composite?
False
Suppose -3*g + 1276083 = -3*x, 260*g + 5*x = 261*g - 425353. Is g prime?
True
Suppose 187277 - 947694 = -7*i. Is i a prime number?
True
Let i be (-2 - -4)*174131/34. Suppose 5*x - 3*o - i = o, -4*o + 12 = 0. Is x composite?
True
Let b = 7 + -3. Let j be (2 + (-16)/(-10))*(-9 + b). Let c(n) = n**3 + 19*n**2 + 10*n - 17. Is c(j) a composite number?
False
Let t be (-6)/6*(1 + 4*4). Let w be -3 + 0 - (t - -12). Suppose -3*d + 2017 = 4*g, d + w*g - 2009 = -2*d. Is d a composite number?
True
Suppose 21*f - 29149 = 4577. Let i = 2889 - f. Is i a prime number?
True
Let o be 2*(3 + (-25)/(-10)). Let x be 3 - -5 - (o - 6). Suppose 0 = x*i + i - 4684. Is i prime?
True
Let i(h) = h**3 + 3*h**2 + h + 4. Let n be i(-3). Suppose 6 - n = v. Is -1 + v - (0 - 138) composite?
True
Let s(f) = 2*f**2 + 13*f + 1. Let k be s(-7). Is (-289149)/(-245) - k/(-10) a composite number?
False
Let p = 152 + -149. Suppose -p*d = y - 4048, y - 4*d = 3727 + 356. Is y a prime number?
False
Suppose 266 = -12*q + 1526. Is (4918/5)/(21/q) composite?
True
Let c be (-17)/(68/224)*-250. Let z = 3401 + c. Is z prime?
True
Let p(s) = 70612*s + 97. Is p(1) a prime number?
True
Is (21/(-4))/((-477)/170995596) a composite number?
True
Let w(f) = -722*f - 671. Is w(-24) prime?
True
Is 32957*13*9/39 prime?
False
Let h(n) = n**3 - 11*n**2 - 11*n + 9. Let j be h(12). Let w be 5 + 238/j + 2/(-6). Suppose -19*x = -w*x - 8169. Is x a composite number?
True
Suppose -5*g + 2*v - 3 = 0, 4*v - 8 - 3 = 5*g. Let n be (39 - g)*285/10. Is (-2)/4 - n/(-2) a composite number?
False
Let t be (-6)/27 - 73480/(-99). Let p = -1317 + t. Let g = p + 2082. Is g composite?
True
Suppose -3*h + 693 = 4*h. Suppose h*n - 100*n = -1151. Is n a composite number?
False
Let q = -88186 + 131864. Is q a prime number?
False
Let f = -20 + 28. Let r be (3 - (2 - 0/3))*f. Suppose r*q - 5*q = 615. Is q a prime number?
False
Suppose 5*r = y + r - 5, -2*y + 10 = -5*r. Suppose 4*d = y*p + 5571, -4 = -p + 1. Is d prime?
True
Let l(p) = 14*p**3 + 6*p**2 + 33*p - 50. Is l(23) a prime number?
True
Let s = 2735 + 1692. Suppose 4*l - 1137 = s. Is l a composite number?
True
Let d = -3939824 + 5826109. Is d a prime number?
False
Let p = -311 - -311. Suppose p = 4*b - 2*j - 71148, -2*j = -3*b + b + 35578. Is b prime?
False
Let u(x) = 9*x**3 + 167*x**2 + 42*x + 33. Is u(41) a prime number?
True
Let m = -314 - -90. Let k(z) = -24*z**2 - 9*z + 18. Let g be k(5). Let n = m - g. Is n a prime number?
False
Suppose 11*x = -878787 + 344825. Is (1 - 13)*x/104 a composite number?
True
Let k(t) = 43*t**2 - 8*t + 11. Is k(14) composite?
True
Let p(z) = z**2 - 5*z + 6. Let t be (2/(-8))/((-11)/132). Let c be p(t). Suppose -8*f + 2374 + 4642 = c. Is f composite?
False
Let z(n) = -250*n + 5. Let o(b) = 250*b - 5. Let p(a) = -3*o(a) - 4*z(a). Is p(9) a composite number?
True
Let x = 13 + -8. Suppose 5*z = 208 + 322. Is (4*x - -2)/(4/z) a composite number?
True
Let g be 21/(-14) + 138/4. Let n = -31 + g. Suppose -6*v + 308 = -n*v. Is v a composite number?
True
Suppose 5*j - 168*l + 166*l - 234531 = 0, 187620 = 4*j - 4*l. Is j a prime number?
False
Let t(s) = 31*s**3 + 10*s**2 - 12*s + 26. Suppose 4*q = 3*r + 4, 0 = 15*r - 20*r - q + 24. Is t(r) prime?
False
Let w = 43 + -39. Suppose 2*d - 6 = w*d. Is ((-469)/d)/((5 - 3)/6) a prime number?
False
Suppose o = -0 + 2. Let g(t) = -2 + 1 + 4*t**2 + 0*t**o + 472*t**3 - t**2. Is g(2) a composite number?
True
Let t(s) = s**3 + 4*s**2 - 4*s + 10. Let w be t(-5). Suppose 2*m - 3*j = m - 9, -w*j + 17 = -m. Suppose -m*r + 275 = -358. Is r a composite number?
False
Let g(b) = -b**2 - b + 17. Let y be g(-4). Suppose y*u - 3*k - 40311 = 0, 0*k = -2*u - 3*k + 16116. Let n = u + -1292. Is n composite?
True
Let w = -210688 - -684087. Is w composite?
True
Is (320101/3)/(66/198) a composite number?
False
Let x = 8482 - 2367. Let v = x + -2964. Is v a prime number?
False
Let a be 362/12 + (-10)/60. Let i = 24 - a. Is (-14665 + 3 - 5)*2/i prime?
True
Suppose 46*a - 68*a = -44*a + 2803922. Is a a composite number?
True
Let g(f) = 38*f**2 - 206*f + 2281. Is g(-95) prime?
True
Let o be 19700/2 + (9 - 1). Suppose -6*f + 396 = -o. Is f composite?
False
Is 5 + (-20)/(-4)*159888/(-60)*-9 composite?
False
Let o = -1 - 22. Let h = 182 - 414. Is o/(-2)*h/(3 - 7) composite?
True
Suppose 4*i - 81 + 2249 = 0. Let g be (3*(-2799)/108)/((-6)/24). Let l = g - i. Is l a composite number?
False
Is 29 + -19 - (-500502)/6 a prime number?
False
Let s be (4/(-6))/(1/(36/8)). Let j be (3/(s/(-1)))/((-7)/(-111349)). Suppose -5*q - 452 = -j. Is q composite?
True
Let u(k) = -16*k + k**2 + 18*k + 11 + 23*k. Let y(q) = -q**2 - 26*q - 11. Let f(m) = -5*u(m) - 4*y(m). Is f(-12) composite?
False
Let n(b) = -8*b - 88. Let r be n(-6). Is r/(-30)*(-186)/(-8) a composite number?
False
Let o(l) = -2*l + 34. Let s be o(16). Suppose s*b = 5560 + 6972. Suppose -4479 = -5*d + b. Is d a composite number?
True
Let a(d) = d**3 - d**2 + 3*d + 3942. Let p(s) = s**3 - s**2 - 2*s. Let g be p(0). Let f be a(g). Let l = f - 2123. Is l prime?
False
Let d = -1357 - -1377. Let g(n) = -55*n - 1. Let v be g(-1). Let j = v - d. Is j a composite number?
True
Is (((-8)/6)/((-58)/(-261)) - 0) + 4875673 a composite number?
False
Let g = -520 + 7517. Suppose p + 22*a - 17*a - 2343 = 0, g = 3*p - a. Is p a composite number?
False
Let l be (-13)/3 - (-5 + 56/12). Let k(w) = -14*w**3 + 6*w**2 + 14*w + 7. Is k(l) prime?
False
Suppose -58*h + 54*h + 2000326 = -3*o, -h + 500075 = -4*o. Is h prime?
True
Suppose -4*o + 34 = 26. Suppose -3296 = -o*l - 3*z + 7086, 5*l + 5*z = 25965. Is l prime?
True
Let w = 1451 + -678. Suppose 0 = -3*q + w + 1669. Suppose 5*t + 4*j - q = 0, 0*t - 3*j - 344 = -2*t. Is t a prime number?
False
Let k(x) = 254*x**2 - 6*x + 73. Let y(w) = 2*w**2 - 20*w + 59. Let b be y(5). Is k(b) composite?
False
Let n(o) = -o**3 + 5*o**2 - 5*o - 4. Let w be n(4). Is (-8350)/(w - -3) + 1 prime?
False
Let f(k) = 8*k + 146. Let m be f(-18). Is m/((14/(-10121))/(-7)) a composite number?
True
Suppose -237 = -4*u + 587. Is (u/(-10))/(36/(-5580)) a prime number?
False
Suppose 13*w = -5*w + 54. Suppose 5*f - 11218 = -3*i, -w*i + 2374 = f + 128. Is f prime?
Tru